{"id":3504,"date":"2026-01-22T22:50:59","date_gmt":"2026-01-22T21:50:59","guid":{"rendered":"https:\/\/www.conexsis.com.co\/?page_id=3504"},"modified":"2026-01-26T13:20:25","modified_gmt":"2026-01-26T12:20:25","slug":"nosotros","status":"publish","type":"page","link":"https:\/\/www.conexsis.com.co\/?page_id=3504","title":{"rendered":"Nosotros"},"content":{"rendered":"\t\t<div data-elementor-type=\"wp-post\" data-elementor-id=\"3504\" class=\"elementor elementor-3504\" data-elementor-post-type=\"page\">\n\t\t\t\t<div class=\"elementor-element elementor-element-340d01f e-flex e-con-boxed e-con e-parent\" data-id=\"340d01f\" data-element_type=\"container\" data-settings=\"{&quot;background_background&quot;:&quot;classic&quot;}\">\n\t\t\t\t\t<div class=\"e-con-inner\">\n\t\t\t\t<div class=\"elementor-element elementor-element-acab719 elementor-widget elementor-widget-heading\" data-id=\"acab719\" data-element_type=\"widget\" data-widget_type=\"heading.default\">\n\t\t\t\t<div class=\"elementor-widget-container\">\n\t\t\t\t\t<h2 class=\"elementor-heading-title elementor-size-default\">Nuestra Compa\u00f1\u00eda<\/h2>\t\t\t\t<\/div>\n\t\t\t\t<\/div>\n\t\t\t\t<div class=\"elementor-element elementor-element-feb264a elementor-widget elementor-widget-text-editor\" data-id=\"feb264a\" data-element_type=\"widget\" data-widget_type=\"text-editor.default\">\n\t\t\t\t<div class=\"elementor-widget-container\">\n\t\t\t\t\t\t\t\t\t<p>Respondemos a nuestro prop\u00f3sito superior de\u00a0<br \/><strong>aportar a la seguidad energ\u00e9tica<\/strong>\u00a0 del pais<\/p>\t\t\t\t\t\t\t\t<\/div>\n\t\t\t\t<\/div>\n\t\t\t\t\t<\/div>\n\t\t\t\t<\/div>\n\t\t<div class=\"elementor-element elementor-element-0e64673 e-flex e-con-boxed e-con e-parent\" data-id=\"0e64673\" data-element_type=\"container\">\n\t\t\t\t\t<div class=\"e-con-inner\">\n\t\t<div class=\"elementor-element elementor-element-8743e24 e-con-full e-flex e-con e-child\" data-id=\"8743e24\" data-element_type=\"container\">\n\t\t\t\t<div class=\"elementor-element elementor-element-142c668 elementor-widget elementor-widget-image\" data-id=\"142c668\" data-element_type=\"widget\" data-widget_type=\"image.default\">\n\t\t\t\t<div class=\"elementor-widget-container\">\n\t\t\t\t\t\t\t\t\t\t\t\t\t\t\t<img fetchpriority=\"high\" decoding=\"async\" width=\"450\" height=\"338\" src=\"https:\/\/www.conexsis.com.co\/wp-content\/uploads\/2026\/01\/QuienesSomos.jpg\" class=\"attachment-large size-large wp-image-3505\" alt=\"quienessomos\" title=\"Nosotros\">\t\t\t\t\t\t\t\t\t\t\t\t\t\t\t<\/div>\n\t\t\t\t<\/div>\n\t\t\t\t<\/div>\n\t\t\t\t<div class=\"elementor-element elementor-element-f3aa5e9 elementor-widget elementor-widget-menu-anchor\" data-id=\"f3aa5e9\" data-element_type=\"widget\" data-widget_type=\"menu-anchor.default\">\n\t\t\t\t<div class=\"elementor-widget-container\">\n\t\t\t\t\t\t\t<div class=\"elementor-menu-anchor\" id=\"mision\"><\/div>\n\t\t\t\t\t\t<\/div>\n\t\t\t\t<\/div>\n\t\t<div class=\"elementor-element elementor-element-c1c663e e-con-full anchor-target e-flex e-con e-child\" data-id=\"c1c663e\" data-element_type=\"container\" id=\"qsomos\">\n\t\t\t\t<div class=\"elementor-element elementor-element-effd58c elementor-widget elementor-widget-heading\" data-id=\"effd58c\" data-element_type=\"widget\" data-widget_type=\"heading.default\">\n\t\t\t\t<div class=\"elementor-widget-container\">\n\t\t\t\t\t<h2 class=\"elementor-heading-title elementor-size-default\">\u00bfQui\u00e9nes somos?<\/h2>\t\t\t\t<\/div>\n\t\t\t\t<\/div>\n\t\t\t\t<div class=\"elementor-element elementor-element-dcd5a76 elementor-widget elementor-widget-text-editor\" data-id=\"dcd5a76\" data-element_type=\"widget\" data-widget_type=\"text-editor.default\">\n\t\t\t\t<div class=\"elementor-widget-container\">\n\t\t\t\t\t\t\t\t\t<p>Somos una compa\u00f1\u00eda, del grupo TPL Energ\u00eda, especializada en estudios de conexi\u00f3n, proyectos de expansi\u00f3n y gesti\u00f3n de activos de transmisi\u00f3n, que acompa\u00f1a a los agentes del mercado el\u00e9ctrico colombiano con soluciones t\u00e9cnicas, regulatorias y computacionales orientadas a la confiabilidad, eficiencia y sostenibilidad del SIN.<\/p>\t\t\t\t\t\t\t\t<\/div>\n\t\t\t\t<\/div>\n\t\t\t\t<\/div>\n\t\t\t\t\t<\/div>\n\t\t\t\t<\/div>\n\t\t<div class=\"elementor-element elementor-element-b8f4647 e-flex e-con-boxed e-con e-parent\" data-id=\"b8f4647\" data-element_type=\"container\">\n\t\t\t\t\t<div class=\"e-con-inner\">\n\t\t<div class=\"elementor-element elementor-element-6fcde02 e-con-full anchor-target e-flex e-con e-child\" data-id=\"6fcde02\" data-element_type=\"container\" id=\"mision1\">\n\t\t\t\t<div class=\"elementor-element elementor-element-5780666 anchor-target elementor-widget elementor-widget-heading\" data-id=\"5780666\" data-element_type=\"widget\" id=\"mision\" data-widget_type=\"heading.default\">\n\t\t\t\t<div class=\"elementor-widget-container\">\n\t\t\t\t\t<h2 class=\"elementor-heading-title elementor-size-default\">Misi\u00f3n<\/h2>\t\t\t\t<\/div>\n\t\t\t\t<\/div>\n\t\t\t\t<div class=\"elementor-element elementor-element-7c1c25c elementor-widget elementor-widget-text-editor\" data-id=\"7c1c25c\" data-element_type=\"widget\" data-widget_type=\"text-editor.default\">\n\t\t\t\t<div class=\"elementor-widget-container\">\n\t\t\t\t\t\t\t\t\t<p>Proveer soluciones integrales para la conexi\u00f3n al Sistema de Transmisi\u00f3n Nacional (STN) a trav\u00e9s de la construcci\u00f3n y operaci\u00f3n de subestaciones y activos de conexi\u00f3n, garantizando la confiabilidad y eficiencia del sistema el\u00e9ctrico. Implementamos una gesti\u00f3n avanzada de activos y desarrollamos estudios de factibilidad el\u00e9ctrica que impulsan proyectos estrat\u00e9gicos de infraestructura, comprometidos con la innovaci\u00f3n, la sostenibilidad y el servicio de excelencia a nuestros clientes y al sector energ\u00e9tico.<\/p>\t\t\t\t\t\t\t\t<\/div>\n\t\t\t\t<\/div>\n\t\t\t\t<\/div>\n\t\t<div class=\"elementor-element elementor-element-c88da9b e-con-full e-flex e-con e-child\" data-id=\"c88da9b\" data-element_type=\"container\">\n\t\t\t\t<div class=\"elementor-element elementor-element-87462fb elementor-widget elementor-widget-heading\" data-id=\"87462fb\" data-element_type=\"widget\" data-widget_type=\"heading.default\">\n\t\t\t\t<div class=\"elementor-widget-container\">\n\t\t\t\t\t<h2 class=\"elementor-heading-title elementor-size-default\">Visi\u00f3n<\/h2>\t\t\t\t<\/div>\n\t\t\t\t<\/div>\n\t\t\t\t<div class=\"elementor-element elementor-element-346ea9b elementor-widget elementor-widget-text-editor\" data-id=\"346ea9b\" data-element_type=\"widget\" data-widget_type=\"text-editor.default\">\n\t\t\t\t<div class=\"elementor-widget-container\">\n\t\t\t\t\t\t\t\t\t<p>Ser l\u00edderes en soluciones de conexi\u00f3n al Sistema de Transmisi\u00f3n Nacional (STN), reconocidos por nuestra excelencia en la construcci\u00f3n y operaci\u00f3n de subestaciones y activos de red, as\u00ed como en la implementaci\u00f3n de sistemas avanzados de gesti\u00f3n de activos. Aspiramos a impulsar la transici\u00f3n energ\u00e9tica mediante el desarrollo de estudios de factibilidad el\u00e9ctrica innovadores y sostenibles, contribuyendo a la confiabilidad y expansi\u00f3n del sector el\u00e9ctrico en el pa\u00eds.<\/p>\t\t\t\t\t\t\t\t<\/div>\n\t\t\t\t<\/div>\n\t\t\t\t<\/div>\n\t\t\t\t\t<\/div>\n\t\t\t\t<\/div>\n\t\t<div class=\"elementor-element elementor-element-0121284 e-flex e-con-boxed e-con e-parent\" data-id=\"0121284\" data-element_type=\"container\" data-settings=\"{&quot;background_background&quot;:&quot;classic&quot;}\">\n\t\t\t\t\t<div class=\"e-con-inner\">\n\t\t<div class=\"elementor-element elementor-element-0b10aa8 e-con-full e-flex e-con e-child\" data-id=\"0b10aa8\" data-element_type=\"container\" data-settings=\"{&quot;background_background&quot;:&quot;classic&quot;}\">\n\t\t\t\t<div class=\"elementor-element elementor-element-884020c anchor-target elementor-widget elementor-widget-heading\" data-id=\"884020c\" data-element_type=\"widget\" id=\"qhacemos\" data-widget_type=\"heading.default\">\n\t\t\t\t<div class=\"elementor-widget-container\">\n\t\t\t\t\t<h2 class=\"elementor-heading-title elementor-size-default\">\u00bfQue Hacemos?<\/h2>\t\t\t\t<\/div>\n\t\t\t\t<\/div>\n\t\t\t\t<\/div>\n\t\t\t\t\t<\/div>\n\t\t\t\t<\/div>\n\t\t<div class=\"elementor-element elementor-element-9158970 e-flex e-con-boxed e-con e-parent\" data-id=\"9158970\" data-element_type=\"container\">\n\t\t\t\t\t<div class=\"e-con-inner\">\n\t\t\t\t<div class=\"elementor-element elementor-element-94a6de5 elementor-widget elementor-widget-text-editor\" data-id=\"94a6de5\" data-element_type=\"widget\" data-widget_type=\"text-editor.default\">\n\t\t\t\t<div class=\"elementor-widget-container\">\n\t\t\t\t\t\t\t\t\t<p>Estamos especializados en la prestaci\u00f3n de servicios t\u00e9cnicos para la planeaci\u00f3n, conexi\u00f3n, expansi\u00f3n y gesti\u00f3n integral de activos de infraestructura de transmisi\u00f3n y uso del Sistema Interconectado Nacional (SIN).<\/p><p>Contamos con un equipo interdisciplinario de profesionales con amplia experiencia en estudios el\u00e9ctricos, an\u00e1lisis de conexi\u00f3n, proyectos de expansi\u00f3n, operaci\u00f3n y mantenimiento de subestaciones de alta tensi\u00f3n, enfocados en garantizar la confiabilidad, seguridad y eficiencia del sistema el\u00e9ctrico, en cumplimiento del marco regulatorio vigente.<\/p><p>Nuestra labor se orienta a apoyar a agentes del mercado el\u00e9ctrico, promotores de proyectos, generadores, autogeneradores, grandes usuarios y transmisores, mediante soluciones t\u00e9cnicas sustentadas en an\u00e1lisis rigurosos, herramientas computacionales especializadas y conocimiento profundo de la regulaci\u00f3n expedida por la CREG, la planeaci\u00f3n de la UPME y los criterios operativos definidos por XM.<\/p><p>En CONEXSIS entendemos la infraestructura el\u00e9ctrica como un activo estrat\u00e9gico para el pa\u00eds. Por ello, promovemos una gesti\u00f3n integral de los activos que articula la planeaci\u00f3n, la operaci\u00f3n y el mantenimiento, con el objetivo de optimizar su vida \u00fatil t\u00e9cnica y regulatoria, mitigar riesgos operativos y contribuir a la sostenibilidad t\u00e9cnica, econ\u00f3mica y ambiental del sistema.<\/p><p>Nuestro enfoque se fundamenta en la toma de decisiones basada en informaci\u00f3n confiable, el an\u00e1lisis del riesgo y la mejora continua del desempe\u00f1o de los activos, alineados con las mejores pr\u00e1cticas internacionales de gesti\u00f3n de activos y con los principios de eficiencia, confiabilidad y calidad del servicio el\u00e9ctrico<\/p>\t\t\t\t\t\t\t\t<\/div>\n\t\t\t\t<\/div>\n\t\t\t\t\t<\/div>\n\t\t\t\t<\/div>\n\t\t<div class=\"elementor-element elementor-element-4a1323d e-flex e-con-boxed e-con e-parent\" data-id=\"4a1323d\" data-element_type=\"container\" data-settings=\"{&quot;background_background&quot;:&quot;classic&quot;}\">\n\t\t\t\t\t<div class=\"e-con-inner\">\n\t\t<div class=\"elementor-element elementor-element-33bf993 e-con-full e-flex e-con e-child\" data-id=\"33bf993\" data-element_type=\"container\">\n\t\t\t\t<div class=\"elementor-element elementor-element-4a1e703 anchor-target elementor-widget elementor-widget-heading\" data-id=\"4a1e703\" data-element_type=\"widget\" id=\"chacemos\" data-widget_type=\"heading.default\">\n\t\t\t\t<div class=\"elementor-widget-container\">\n\t\t\t\t\t<h2 class=\"elementor-heading-title elementor-size-default\">\u00bfC\u00f3mo lo hacemos?<\/h2>\t\t\t\t<\/div>\n\t\t\t\t<\/div>\n\t\t\t\t<\/div>\n\t\t\t\t\t<\/div>\n\t\t\t\t<\/div>\n\t\t<div class=\"elementor-element elementor-element-94b4a3b e-flex e-con-boxed e-con e-parent\" data-id=\"94b4a3b\" data-element_type=\"container\">\n\t\t\t\t\t<div class=\"e-con-inner\">\n\t\t<div class=\"elementor-element elementor-element-fd8fa72 e-con-full e-flex e-con e-child\" data-id=\"fd8fa72\" data-element_type=\"container\">\n\t\t\t\t<div class=\"elementor-element elementor-element-80b258d elementor-widget elementor-widget-image\" data-id=\"80b258d\" data-element_type=\"widget\" data-widget_type=\"image.default\">\n\t\t\t\t<div class=\"elementor-widget-container\">\n\t\t\t\t\t\t\t\t\t\t\t\t\t\t\t<img decoding=\"async\" width=\"958\" height=\"1024\" src=\"https:\/\/www.conexsis.com.co\/wp-content\/uploads\/2026\/01\/ComoHacemos.jpg\" class=\"attachment-large size-large wp-image-3541\" alt=\"comohacemos\" title=\"Nosotros\">\t\t\t\t\t\t\t\t\t\t\t\t\t\t\t<\/div>\n\t\t\t\t<\/div>\n\t\t\t\t<\/div>\n\t\t<div class=\"elementor-element elementor-element-269d508 e-con-full e-flex e-con e-child\" data-id=\"269d508\" data-element_type=\"container\">\n\t\t\t\t<div class=\"elementor-element elementor-element-5d1ecb1 elementor-widget__width-initial elementor-widget elementor-widget-text-editor\" data-id=\"5d1ecb1\" data-element_type=\"widget\" data-widget_type=\"text-editor.default\">\n\t\t\t\t<div class=\"elementor-widget-container\">\n\t\t\t\t\t\t\t\t\t<p>En CONEXSIS gestionamos la infraestructura de transmisi\u00f3n de forma integral, combinando an\u00e1lisis el\u00e9ctricos especializados, herramientas computacionales y conocimiento regulatorio para optimizar la planeaci\u00f3n, operaci\u00f3n y mantenimiento de los activos.<\/p><p>Nuestro enfoque permite maximizar la vida \u00fatil t\u00e9cnica y regulatoria, mejorar la disponibilidad de la red y garantizar decisiones oportunas que aseguran la confiabilidad y sostenibilidad del Sistema Interconectado Nacional (SIN).<\/p><p>Contamos con un equipo experto en mantenimiento subestaciones que nos ha permitido en 30 a\u00f1os contar un respaldo de alta disponibilidad para el Caribe colombiano<\/p>\t\t\t\t\t\t\t\t<\/div>\n\t\t\t\t<\/div>\n\t\t\t\t<\/div>\n\t\t\t\t\t<\/div>\n\t\t\t\t<\/div>\n\t\t<div class=\"elementor-element elementor-element-84a189a e-flex e-con-boxed e-con e-parent\" data-id=\"84a189a\" data-element_type=\"container\">\n\t\t\t\t\t<div class=\"e-con-inner\">\n\t\t\t\t<div class=\"elementor-element elementor-element-aceff29 anchor-target elementor-widget elementor-widget-heading\" data-id=\"aceff29\" data-element_type=\"widget\" id=\"cultura\" data-widget_type=\"heading.default\">\n\t\t\t\t<div class=\"elementor-widget-container\">\n\t\t\t\t\t<h2 class=\"elementor-heading-title elementor-size-default\">Nuestra cultura<\/h2>\t\t\t\t<\/div>\n\t\t\t\t<\/div>\n\t\t\t\t\t<\/div>\n\t\t\t\t<\/div>\n\t\t<div class=\"elementor-element elementor-element-78a69ae e-flex e-con-boxed e-con e-parent\" data-id=\"78a69ae\" data-element_type=\"container\">\n\t\t\t\t\t<div class=\"e-con-inner\">\n\t\t\t\t<div class=\"elementor-element elementor-element-c9fc924 elementor-widget elementor-widget-text-editor\" data-id=\"c9fc924\" data-element_type=\"widget\" data-widget_type=\"text-editor.default\">\n\t\t\t\t<div class=\"elementor-widget-container\">\n\t\t\t\t\t\t\t\t\t<p>Nuestra cultura de transformaci\u00f3n nos permite estar\u00a0en la b\u00fasqueda constante de nuevas propuestas y mecanismos que nos permitan brindar\u00a0mayor seguridad a la red, permitir el acceso a la conexi\u00f3n SIN mediante\u00a0el\u00a0an\u00e1lisis el\u00e9ctrico continuo para nosotros y nuestros clientes.<\/p><center><strong>\u00abLa seguridad, el an\u00e1lisis de datos y la mejora continua gu\u00edan nuestra gesti\u00f3n para optimizar el desempe\u00f1o de los activos, fortalecer la confiabilidad del sistema y alcanzar la excelencia operativa\u00bb.<\/strong><\/center>\t\t\t\t\t\t\t\t<\/div>\n\t\t\t\t<\/div>\n\t\t\t\t\t<\/div>\n\t\t\t\t<\/div>\n\t\t<div class=\"elementor-element elementor-element-c6d6f14 e-flex e-con-boxed e-con e-parent\" data-id=\"c6d6f14\" data-element_type=\"container\">\n\t\t\t\t\t<div class=\"e-con-inner\">\n\t\t\t\t<div class=\"elementor-element elementor-element-e4c676c anchor-target elementor-widget elementor-widget-heading\" data-id=\"e4c676c\" data-element_type=\"widget\" id=\"grupoemp\" data-widget_type=\"heading.default\">\n\t\t\t\t<div class=\"elementor-widget-container\">\n\t\t\t\t\t<h2 class=\"elementor-heading-title elementor-size-default\">Grupo empresarial<\/h2>\t\t\t\t<\/div>\n\t\t\t\t<\/div>\n\t\t\t\t\t<\/div>\n\t\t\t\t<\/div>\n\t\t<div class=\"elementor-element elementor-element-e951439 e-flex e-con-boxed e-con e-parent\" data-id=\"e951439\" data-element_type=\"container\">\n\t\t\t\t\t<div class=\"e-con-inner\">\n\t\t\t\t<div class=\"elementor-element elementor-element-31f5514 elementor-widget elementor-widget-hotspot\" data-id=\"31f5514\" data-element_type=\"widget\" data-settings=\"{&quot;hotspot&quot;:[{&quot;_id&quot;:&quot;42fec7a&quot;,&quot;hotspot_link&quot;:{&quot;url&quot;:&quot;http:\\\/\\\/tplgas.com&quot;,&quot;is_external&quot;:&quot;on&quot;,&quot;nofollow&quot;:&quot;&quot;,&quot;custom_attributes&quot;:&quot;&quot;},&quot;hotspot_custom_size&quot;:&quot;&quot;,&quot;hotspot_width&quot;:{&quot;unit&quot;:&quot;px&quot;,&quot;size&quot;:100,&quot;sizes&quot;:[]},&quot;hotspot_height&quot;:{&quot;unit&quot;:&quot;px&quot;,&quot;size&quot;:100,&quot;sizes&quot;:[]},&quot;hotspot_tooltip_content&quot;:&quot;&lt;p&gt;Add Your Tooltip Text Here&lt;\\\/p&gt;&quot;,&quot;hotspot_offset_x&quot;:{&quot;unit&quot;:&quot;%&quot;,&quot;size&quot;:64,&quot;sizes&quot;:[]},&quot;hotspot_offset_y&quot;:{&quot;unit&quot;:&quot;%&quot;,&quot;size&quot;:67,&quot;sizes&quot;:[]},&quot;hotspot_icon&quot;:{&quot;value&quot;:&quot;fas fa-external-link-alt&quot;,&quot;library&quot;:&quot;fa-solid&quot;},&quot;hotspot_label&quot;:&quot;&quot;,&quot;hotspot_horizontal&quot;:&quot;left&quot;,&quot;hotspot_vertical&quot;:&quot;top&quot;,&quot;hotspot_tooltip_position&quot;:&quot;no&quot;,&quot;hotspot_position&quot;:null},{&quot;_id&quot;:&quot;39409cb&quot;,&quot;hotspot_link&quot;:{&quot;url&quot;:&quot;https:\\\/\\\/tebsa.com.co&quot;,&quot;is_external&quot;:&quot;on&quot;,&quot;nofollow&quot;:&quot;&quot;,&quot;custom_attributes&quot;:&quot;&quot;},&quot;hotspot_icon&quot;:{&quot;value&quot;:&quot;fas fa-external-link-alt&quot;,&quot;library&quot;:&quot;fa-solid&quot;},&quot;hotspot_tooltip_content&quot;:&quot;&lt;p&gt;Add Your Tooltip Text Here&lt;\\\/p&gt;&quot;,&quot;hotspot_offset_x&quot;:{&quot;unit&quot;:&quot;%&quot;,&quot;size&quot;:10,&quot;sizes&quot;:[]},&quot;hotspot_offset_y&quot;:{&quot;unit&quot;:&quot;%&quot;,&quot;size&quot;:66,&quot;sizes&quot;:[]},&quot;hotspot_label&quot;:&quot;&quot;,&quot;hotspot_custom_size&quot;:&quot;no&quot;,&quot;hotspot_horizontal&quot;:&quot;left&quot;,&quot;hotspot_vertical&quot;:&quot;top&quot;,&quot;hotspot_tooltip_position&quot;:&quot;no&quot;,&quot;hotspot_position&quot;:null},{&quot;_id&quot;:&quot;b74e7b4&quot;,&quot;hotspot_link&quot;:{&quot;url&quot;:&quot;https:\\\/\\\/termocandelaria.com&quot;,&quot;is_external&quot;:&quot;on&quot;,&quot;nofollow&quot;:&quot;&quot;,&quot;custom_attributes&quot;:&quot;&quot;},&quot;hotspot_icon&quot;:{&quot;value&quot;:&quot;fas fa-external-link-alt&quot;,&quot;library&quot;:&quot;fa-solid&quot;},&quot;hotspot_tooltip_content&quot;:&quot;&lt;p&gt;Add Your Tooltip Text Here&lt;\\\/p&gt;&quot;,&quot;hotspot_offset_x&quot;:{&quot;unit&quot;:&quot;%&quot;,&quot;size&quot;:37,&quot;sizes&quot;:[]},&quot;hotspot_offset_y&quot;:{&quot;unit&quot;:&quot;%&quot;,&quot;size&quot;:66,&quot;sizes&quot;:[]},&quot;hotspot_label&quot;:&quot;&quot;,&quot;hotspot_custom_size&quot;:&quot;no&quot;,&quot;hotspot_horizontal&quot;:&quot;left&quot;,&quot;hotspot_vertical&quot;:&quot;top&quot;,&quot;hotspot_tooltip_position&quot;:&quot;no&quot;,&quot;hotspot_position&quot;:null}],&quot;hotspot_sequenced_animation&quot;:&quot;no&quot;,&quot;tooltip_position&quot;:&quot;top&quot;,&quot;tooltip_trigger&quot;:&quot;click&quot;,&quot;tooltip_animation&quot;:&quot;e-hotspot--fade-in-out&quot;}\" data-widget_type=\"hotspot.default\">\n\t\t\t\t<div class=\"elementor-widget-container\">\n\t\t\t\t\t<img decoding=\"async\" width=\"1000\" height=\"513\" src=\"https:\/\/www.conexsis.com.co\/wp-content\/uploads\/2026\/01\/GrupTPLEnergia.jpg\" class=\"attachment-large size-large wp-image-3531\" alt=\"gruptplenergia\" title=\"Nosotros\">\n\t\t\t\t\t\t<a class=\"e-hotspot elementor-repeater-item-42fec7a  e-hotspot--position-left e-hotspot--position-top e-hotspot--link e-hotspot--no-tooltip e-hotspot--icon\" href=\"http:\/\/tplgas.com\" target=\"_blank\">\n\n\t\t\t\t\t\t\t\t<div class=\"e-hotspot__button e-hotspot--expand\">\n\t\t\t\t\t\t\t\t\t\t\t\t\t\t\t\t\t\t<div class=\"e-hotspot__icon\"><i class=\"fas fa-external-link-alt\"><\/i><\/div>\n\t\t\t\t\t\t\t\t\t\t\t\t\t\t\t\t\t\t\t\t\t<\/div>\n\n\t\t\t\t\t\t\t\t\n\t\t\t<\/a>\n\n\t\n\t\t\t\t\t\t<a class=\"e-hotspot elementor-repeater-item-39409cb  e-hotspot--position-left e-hotspot--position-top e-hotspot--link e-hotspot--no-tooltip e-hotspot--icon\" href=\"https:\/\/tebsa.com.co\" target=\"_blank\">\n\n\t\t\t\t\t\t\t\t<div class=\"e-hotspot__button e-hotspot--expand\">\n\t\t\t\t\t\t\t\t\t\t\t\t\t\t\t\t\t\t<div class=\"e-hotspot__icon\"><i class=\"fas fa-external-link-alt\"><\/i><\/div>\n\t\t\t\t\t\t\t\t\t\t\t\t\t\t\t\t\t\t\t\t\t<\/div>\n\n\t\t\t\t\t\t\t\t\n\t\t\t<\/a>\n\n\t\n\t\t\t\t\t\t<a class=\"e-hotspot elementor-repeater-item-b74e7b4  e-hotspot--position-left e-hotspot--position-top e-hotspot--link e-hotspot--no-tooltip e-hotspot--icon\" href=\"https:\/\/termocandelaria.com\" target=\"_blank\">\n\n\t\t\t\t\t\t\t\t<div class=\"e-hotspot__button e-hotspot--expand\">\n\t\t\t\t\t\t\t\t\t\t\t\t\t\t\t\t\t\t<div class=\"e-hotspot__icon\"><i class=\"fas fa-external-link-alt\"><\/i><\/div>\n\t\t\t\t\t\t\t\t\t\t\t\t\t\t\t\t\t\t\t\t\t<\/div>\n\n\t\t\t\t\t\t\t\t\n\t\t\t<\/a>\n\n\t\n\t\t\t\t\t\t<\/div>\n\t\t\t\t<\/div>\n\t\t\t\t\t<\/div>\n\t\t\t\t<\/div>\n\t\t<div class=\"elementor-element elementor-element-1dc6332 e-flex e-con-boxed e-con e-parent\" data-id=\"1dc6332\" data-element_type=\"container\">\n\t\t\t\t\t<div class=\"e-con-inner\">\n\t\t\t\t<div class=\"elementor-element elementor-element-4410a0b elementor-widget elementor-widget-spacer\" data-id=\"4410a0b\" data-element_type=\"widget\" data-widget_type=\"spacer.default\">\n\t\t\t\t<div class=\"elementor-widget-container\">\n\t\t\t\t\t\t\t<div class=\"elementor-spacer\">\n\t\t\t<div class=\"elementor-spacer-inner\"><\/div>\n\t\t<\/div>\n\t\t\t\t\t\t<\/div>\n\t\t\t\t<\/div>\n\t\t\t\t\t<\/div>\n\t\t\t\t<\/div>\n\t\t\t\t<\/div>\n\t\t","protected":false},"excerpt":{"rendered":"<p>Nuestra Compa\u00f1\u00eda Respondemos a nuestro prop\u00f3sito superior de\u00a0aportar a la seguidad energ\u00e9tica\u00a0 del pais \u00bfQui\u00e9nes somos? Somos una compa\u00f1\u00eda, del grupo TPL Energ\u00eda, especializada en estudios de conexi\u00f3n, proyectos de expansi\u00f3n y gesti\u00f3n de activos de transmisi\u00f3n, que acompa\u00f1a a los agentes del mercado el\u00e9ctrico colombiano con soluciones t\u00e9cnicas, regulatorias y computacionales orientadas a la [&hellip;]<\/p>\n","protected":false},"author":1,"featured_media":0,"parent":0,"menu_order":0,"comment_status":"closed","ping_status":"closed","template":"","meta":{"site-sidebar-layout":"no-sidebar","site-content-layout":"page-builder","ast-site-content-layout":"default","site-content-style":"default","site-sidebar-style":"default","ast-global-header-display":"","ast-banner-title-visibility":"","ast-main-header-display":"","ast-hfb-above-header-display":"","ast-hfb-below-header-display":"","ast-hfb-mobile-header-display":"","site-post-title":"disabled","ast-breadcrumbs-content":"","ast-featured-img":"disabled","footer-sml-layout":"","ast-disable-related-posts":"","theme-transparent-header-meta":"enabled","adv-header-id-meta":"","stick-header-meta":"","header-above-stick-meta":"","header-main-stick-meta":"","header-below-stick-meta":"","astra-migrate-meta-layouts":"default","ast-page-background-enabled":"default","ast-page-background-meta":{"desktop":{"background-color":"","background-image":"","background-repeat":"repeat","background-position":"center center","background-size":"auto","background-attachment":"scroll","background-type":"","background-media":"","overlay-type":"","overlay-color":"","overlay-opacity":"","overlay-gradient":""},"tablet":{"background-color":"","background-image":"","background-repeat":"repeat","background-position":"center center","background-size":"auto","background-attachment":"scroll","background-type":"","background-media":"","overlay-type":"","overlay-color":"","overlay-opacity":"","overlay-gradient":""},"mobile":{"background-color":"","background-image":"","background-repeat":"repeat","background-position":"center center","background-size":"auto","background-attachment":"scroll","background-type":"","background-media":"","overlay-type":"","overlay-color":"","overlay-opacity":"","overlay-gradient":""}},"ast-content-background-meta":{"desktop":{"background-color":"var(--ast-global-color-5)","background-image":"","background-repeat":"repeat","background-position":"center center","background-size":"auto","background-attachment":"scroll","background-type":"","background-media":"","overlay-type":"","overlay-color":"","overlay-opacity":"","overlay-gradient":""},"tablet":{"background-color":"var(--ast-global-color-5)","background-image":"","background-repeat":"repeat","background-position":"center center","background-size":"auto","background-attachment":"scroll","background-type":"","background-media":"","overlay-type":"","overlay-color":"","overlay-opacity":"","overlay-gradient":""},"mobile":{"background-color":"var(--ast-global-color-5)","background-image":"","background-repeat":"repeat","background-position":"center center","background-size":"auto","background-attachment":"scroll","background-type":"","background-media":"","overlay-type":"","overlay-color":"","overlay-opacity":"","overlay-gradient":""}},"footnotes":""},"class_list":["post-3504","page","type-page","status-publish","hentry"],"_links":{"self":[{"href":"https:\/\/www.conexsis.com.co\/index.php?rest_route=\/wp\/v2\/pages\/3504","targetHints":{"allow":["GET"]}}],"collection":[{"href":"https:\/\/www.conexsis.com.co\/index.php?rest_route=\/wp\/v2\/pages"}],"about":[{"href":"https:\/\/www.conexsis.com.co\/index.php?rest_route=\/wp\/v2\/types\/page"}],"author":[{"embeddable":true,"href":"https:\/\/www.conexsis.com.co\/index.php?rest_route=\/wp\/v2\/users\/1"}],"replies":[{"embeddable":true,"href":"https:\/\/www.conexsis.com.co\/index.php?rest_route=%2Fwp%2Fv2%2Fcomments&post=3504"}],"version-history":[{"count":156,"href":"https:\/\/www.conexsis.com.co\/index.php?rest_route=\/wp\/v2\/pages\/3504\/revisions"}],"predecessor-version":[{"id":3950,"href":"https:\/\/www.conexsis.com.co\/index.php?rest_route=\/wp\/v2\/pages\/3504\/revisions\/3950"}],"wp:attachment":[{"href":"https:\/\/www.conexsis.com.co\/index.php?rest_route=%2Fwp%2Fv2%2Fmedia&parent=3504"}],"curies":[{"name":"wp","href":"https:\/\/api.w.org\/{rel}","templated":true}]}}